{"id":152,"date":"2023-05-06T11:01:48","date_gmt":"2023-05-06T09:01:48","guid":{"rendered":"https:\/\/www.in2greece.com\/swedish\/historymyth\/history\/?page_id=152"},"modified":"2023-05-06T11:01:48","modified_gmt":"2023-05-06T09:01:48","slug":"herodes-atticus","status":"publish","type":"page","link":"https:\/\/www.antikensgrekland.se\/herodes-atticus.htm","title":{"rendered":"Herodes Atticus"},"content":{"rendered":"\n<h2 class=\"wp-block-heading\">Herodes Atticus Atensk retoriker<\/h2>\n\n\n<p><img loading=\"lazy\" decoding=\"async\" class=\"alignleft size-medium wp-image-153\" src=\"https:\/\/www.antikensgrekland.se\/wp-content\/uploads\/2023\/05\/Herodes_Atticus-1-175x300.jpg\" alt=\"Herodes_Atticus\" width=\"175\" height=\"300\" srcset=\"https:\/\/www.antikensgrekland.se\/wp-content\/uploads\/2023\/05\/Herodes_Atticus-1-175x300.jpg 175w, https:\/\/www.antikensgrekland.se\/wp-content\/uploads\/2023\/05\/Herodes_Atticus-1-598x1024.jpg 598w, https:\/\/www.antikensgrekland.se\/wp-content\/uploads\/2023\/05\/Herodes_Atticus-1-768x1315.jpg 768w, https:\/\/www.antikensgrekland.se\/wp-content\/uploads\/2023\/05\/Herodes_Atticus-1-897x1536.jpg 897w, https:\/\/www.antikensgrekland.se\/wp-content\/uploads\/2023\/05\/Herodes_Atticus-1.jpg 933w\" sizes=\"auto, (max-width: 175px) 100vw, 175px\" \/>Herodes Atticus var en atensk retoriker, s\u00e5v\u00e4l som en romersk senator. En stor filantropisk magnat. Under det romerska riket k\u00e4nde m\u00e5nga greker att deras kultur var v\u00e4ldigt speciell, och de hatade att de var maktl\u00f6sa. Det enda s\u00e4ttet att hantera sin egen irrelevans var att \u00f6verdriva det grekiska f\u00f6rflutna.<\/p>\n<p>M\u00e4nniskor som Herodes Atticus, den rikaste mannen i Aten, gick upp p\u00e5 scenen, d\u00e4r de h\u00f6ll tal om k\u00e4nda historiska \u00e4mnen: &#8221;Leonidas inspirerar sina m\u00e4n att k\u00e4mpa till d\u00f6den&#8221;, &#8221;S\u00e5rade atenska soldater ber sina kamrater att d\u00f6da dem&#8221; eller &#8221; Perikles ber atenarna att f\u00f6rklara krig mot Sparta&#8221;. Det var ett firande av ett stort f\u00f6rflutet.<\/p>\n<p>Denna kulturella aktivitet kallas ibland den andra sofistiken, och Herodes Atticus ans\u00e5gs vara den st\u00f6rsta av dessa talare av den fr\u00e4msta antika f\u00f6rfattaren om detta fenomen, Philostratus.<\/p>\n<p>N\u00e4stan inget av hans tal har blivit kvar, vilket \u00e4r en besvikelse p\u00e5 grund av hans enorma kulturella inflytande. Herodes Atticus begravdes p\u00e5 en stadion \u00f6ster om Aten som har rekonstruerats f\u00f6r de olympiska spelen 1896 och som fortfarande \u00e4r ett monument i Aten. Han byggde ocks\u00e5 odeon n\u00e4ra Akropolis och var bland de st\u00f6rsta mecenasserna i sin tid.<\/p>\n<p>Bland villor fanns Triopion n\u00e4ra Via Appia (Rom) och en herrg\u00e5rd p\u00e5 Peloponnesos, som han dekorerade med originalmonumentet \u00f6ver de stupade soldaterna vid Marathon. Han var konsul 143.<\/p>","protected":false},"excerpt":{"rendered":"<p>Herodes Atticus Atensk retoriker Herodes Atticus var en atensk retoriker, s\u00e5v\u00e4l som en romersk senator. En stor filantropisk magnat. Under det romerska riket k\u00e4nde m\u00e5nga greker att deras kultur var v\u00e4ldigt speciell, och de hatade att de var maktl\u00f6sa. Det enda s\u00e4ttet att hantera sin egen irrelevans var att \u00f6verdriva det grekiska f\u00f6rflutna. M\u00e4nniskor som<br \/><a class=\"moretag\" href=\"https:\/\/www.antikensgrekland.se\/herodes-atticus.htm\">+ L\u00e4s Mer<\/a><\/p>\n","protected":false},"author":1,"featured_media":153,"parent":0,"menu_order":0,"comment_status":"closed","ping_status":"closed","template":"","meta":{"footnotes":""},"class_list":["post-152","page","type-page","status-publish","has-post-thumbnail","hentry"],"yoast_head":"<!-- This site is optimized with the Yoast SEO plugin v22.3 - https:\/\/yoast.com\/wordpress\/plugins\/seo\/ -->\n<title>Herodes Atticus<\/title>\n<meta name=\"description\" content=\"Herodes Atticus var en atensk retoriker, s\u00e5v\u00e4l som en romersk senator. En stor filantropisk magnat. Under det romerska riket k\u00e4nde m\u00e5nga greker att deras kultur var v\u00e4ldigt speciell, och de hatade att de var maktl\u00f6sa. Det enda s\u00e4ttet att hantera sin egen irrelevans var att \u00f6verdriva det grekiska f\u00f6rflutna.\" \/>\n<meta name=\"robots\" content=\"index, follow, max-snippet:-1, max-image-preview:large, max-video-preview:-1\" \/>\n<link rel=\"canonical\" href=\"https:\/\/www.antikensgrekland.se\/herodes-atticus.htm\" \/>\n<meta property=\"og:locale\" content=\"sv_SE\" \/>\n<meta property=\"og:type\" content=\"article\" \/>\n<meta property=\"og:title\" content=\"Herodes Atticus\" \/>\n<meta property=\"og:description\" content=\"Herodes Atticus var en atensk retoriker, s\u00e5v\u00e4l som en romersk senator. En stor filantropisk magnat. Under det romerska riket k\u00e4nde m\u00e5nga greker att deras kultur var v\u00e4ldigt speciell, och de hatade att de var maktl\u00f6sa. Det enda s\u00e4ttet att hantera sin egen irrelevans var att \u00f6verdriva det grekiska f\u00f6rflutna.\" \/>\n<meta property=\"og:url\" content=\"https:\/\/www.antikensgrekland.se\/herodes-atticus.htm\" \/>\n<meta property=\"og:site_name\" content=\"Antikens Grekland\" \/>\n<meta property=\"og:image\" content=\"https:\/\/www.antikensgrekland.se\/wp-content\/uploads\/2023\/05\/Herodes_Atticus-1.jpg\" \/>\n\t<meta property=\"og:image:width\" content=\"933\" \/>\n\t<meta property=\"og:image:height\" content=\"1598\" \/>\n\t<meta property=\"og:image:type\" content=\"image\/jpeg\" \/>\n<meta name=\"twitter:card\" content=\"summary_large_image\" \/>\n<meta name=\"twitter:label1\" content=\"Ber\u00e4knad l\u00e4stid\" \/>\n\t<meta name=\"twitter:data1\" content=\"2 minuter\" \/>\n<script type=\"application\/ld+json\" class=\"yoast-schema-graph\">{\"@context\":\"https:\/\/schema.org\",\"@graph\":[{\"@type\":\"WebPage\",\"@id\":\"https:\/\/www.antikensgrekland.se\/herodes-atticus.htm\",\"url\":\"https:\/\/www.antikensgrekland.se\/herodes-atticus.htm\",\"name\":\"Herodes Atticus\",\"isPartOf\":{\"@id\":\"https:\/\/www.antikensgrekland.se\/#website\"},\"primaryImageOfPage\":{\"@id\":\"https:\/\/www.antikensgrekland.se\/herodes-atticus.htm#primaryimage\"},\"image\":{\"@id\":\"https:\/\/www.antikensgrekland.se\/herodes-atticus.htm#primaryimage\"},\"thumbnailUrl\":\"https:\/\/www.antikensgrekland.se\/wp-content\/uploads\/2023\/05\/Herodes_Atticus-1.jpg\",\"datePublished\":\"2023-05-06T09:01:48+00:00\",\"dateModified\":\"2023-05-06T09:01:48+00:00\",\"description\":\"Herodes Atticus var en atensk retoriker, s\u00e5v\u00e4l som en romersk senator. En stor filantropisk magnat. Under det romerska riket k\u00e4nde m\u00e5nga greker att deras kultur var v\u00e4ldigt speciell, och de hatade att de var maktl\u00f6sa. Det enda s\u00e4ttet att hantera sin egen irrelevans var att \u00f6verdriva det grekiska f\u00f6rflutna.\",\"breadcrumb\":{\"@id\":\"https:\/\/www.antikensgrekland.se\/herodes-atticus.htm#breadcrumb\"},\"inLanguage\":\"sv-SE\",\"potentialAction\":[{\"@type\":\"ReadAction\",\"target\":[\"https:\/\/www.antikensgrekland.se\/herodes-atticus.htm\"]}]},{\"@type\":\"ImageObject\",\"inLanguage\":\"sv-SE\",\"@id\":\"https:\/\/www.antikensgrekland.se\/herodes-atticus.htm#primaryimage\",\"url\":\"https:\/\/www.antikensgrekland.se\/wp-content\/uploads\/2023\/05\/Herodes_Atticus-1.jpg\",\"contentUrl\":\"https:\/\/www.antikensgrekland.se\/wp-content\/uploads\/2023\/05\/Herodes_Atticus-1.jpg\",\"width\":933,\"height\":1598,\"caption\":\"Herodes_Atticus\"},{\"@type\":\"BreadcrumbList\",\"@id\":\"https:\/\/www.antikensgrekland.se\/herodes-atticus.htm#breadcrumb\",\"itemListElement\":[{\"@type\":\"ListItem\",\"position\":1,\"name\":\"Startseite\",\"item\":\"https:\/\/www.antikensgrekland.se\/\"},{\"@type\":\"ListItem\",\"position\":2,\"name\":\"Herodes Atticus\"}]},{\"@type\":\"WebSite\",\"@id\":\"https:\/\/www.antikensgrekland.se\/#website\",\"url\":\"https:\/\/www.antikensgrekland.se\/\",\"name\":\"Antikens Grekland\",\"description\":\"Kultur, Historia och Samh\u00e4lle\",\"potentialAction\":[{\"@type\":\"SearchAction\",\"target\":{\"@type\":\"EntryPoint\",\"urlTemplate\":\"https:\/\/www.antikensgrekland.se\/?s={search_term_string}\"},\"query-input\":\"required name=search_term_string\"}],\"inLanguage\":\"sv-SE\"}]}<\/script>\n<!-- \/ Yoast SEO plugin. -->","yoast_head_json":{"title":"Herodes Atticus","description":"Herodes Atticus var en atensk retoriker, s\u00e5v\u00e4l som en romersk senator. En stor filantropisk magnat. Under det romerska riket k\u00e4nde m\u00e5nga greker att deras kultur var v\u00e4ldigt speciell, och de hatade att de var maktl\u00f6sa. Det enda s\u00e4ttet att hantera sin egen irrelevans var att \u00f6verdriva det grekiska f\u00f6rflutna.","robots":{"index":"index","follow":"follow","max-snippet":"max-snippet:-1","max-image-preview":"max-image-preview:large","max-video-preview":"max-video-preview:-1"},"canonical":"https:\/\/www.antikensgrekland.se\/herodes-atticus.htm","og_locale":"sv_SE","og_type":"article","og_title":"Herodes Atticus","og_description":"Herodes Atticus var en atensk retoriker, s\u00e5v\u00e4l som en romersk senator. En stor filantropisk magnat. Under det romerska riket k\u00e4nde m\u00e5nga greker att deras kultur var v\u00e4ldigt speciell, och de hatade att de var maktl\u00f6sa. Det enda s\u00e4ttet att hantera sin egen irrelevans var att \u00f6verdriva det grekiska f\u00f6rflutna.","og_url":"https:\/\/www.antikensgrekland.se\/herodes-atticus.htm","og_site_name":"Antikens Grekland","og_image":[{"width":933,"height":1598,"url":"https:\/\/www.antikensgrekland.se\/wp-content\/uploads\/2023\/05\/Herodes_Atticus-1.jpg","type":"image\/jpeg"}],"twitter_card":"summary_large_image","twitter_misc":{"Ber\u00e4knad l\u00e4stid":"2 minuter"},"schema":{"@context":"https:\/\/schema.org","@graph":[{"@type":"WebPage","@id":"https:\/\/www.antikensgrekland.se\/herodes-atticus.htm","url":"https:\/\/www.antikensgrekland.se\/herodes-atticus.htm","name":"Herodes Atticus","isPartOf":{"@id":"https:\/\/www.antikensgrekland.se\/#website"},"primaryImageOfPage":{"@id":"https:\/\/www.antikensgrekland.se\/herodes-atticus.htm#primaryimage"},"image":{"@id":"https:\/\/www.antikensgrekland.se\/herodes-atticus.htm#primaryimage"},"thumbnailUrl":"https:\/\/www.antikensgrekland.se\/wp-content\/uploads\/2023\/05\/Herodes_Atticus-1.jpg","datePublished":"2023-05-06T09:01:48+00:00","dateModified":"2023-05-06T09:01:48+00:00","description":"Herodes Atticus var en atensk retoriker, s\u00e5v\u00e4l som en romersk senator. En stor filantropisk magnat. Under det romerska riket k\u00e4nde m\u00e5nga greker att deras kultur var v\u00e4ldigt speciell, och de hatade att de var maktl\u00f6sa. Det enda s\u00e4ttet att hantera sin egen irrelevans var att \u00f6verdriva det grekiska f\u00f6rflutna.","breadcrumb":{"@id":"https:\/\/www.antikensgrekland.se\/herodes-atticus.htm#breadcrumb"},"inLanguage":"sv-SE","potentialAction":[{"@type":"ReadAction","target":["https:\/\/www.antikensgrekland.se\/herodes-atticus.htm"]}]},{"@type":"ImageObject","inLanguage":"sv-SE","@id":"https:\/\/www.antikensgrekland.se\/herodes-atticus.htm#primaryimage","url":"https:\/\/www.antikensgrekland.se\/wp-content\/uploads\/2023\/05\/Herodes_Atticus-1.jpg","contentUrl":"https:\/\/www.antikensgrekland.se\/wp-content\/uploads\/2023\/05\/Herodes_Atticus-1.jpg","width":933,"height":1598,"caption":"Herodes_Atticus"},{"@type":"BreadcrumbList","@id":"https:\/\/www.antikensgrekland.se\/herodes-atticus.htm#breadcrumb","itemListElement":[{"@type":"ListItem","position":1,"name":"Startseite","item":"https:\/\/www.antikensgrekland.se\/"},{"@type":"ListItem","position":2,"name":"Herodes Atticus"}]},{"@type":"WebSite","@id":"https:\/\/www.antikensgrekland.se\/#website","url":"https:\/\/www.antikensgrekland.se\/","name":"Antikens Grekland","description":"Kultur, Historia och Samh\u00e4lle","potentialAction":[{"@type":"SearchAction","target":{"@type":"EntryPoint","urlTemplate":"https:\/\/www.antikensgrekland.se\/?s={search_term_string}"},"query-input":"required name=search_term_string"}],"inLanguage":"sv-SE"}]}},"_links":{"self":[{"href":"https:\/\/www.antikensgrekland.se\/index.php\/wp-json\/wp\/v2\/pages\/152","targetHints":{"allow":["GET"]}}],"collection":[{"href":"https:\/\/www.antikensgrekland.se\/index.php\/wp-json\/wp\/v2\/pages"}],"about":[{"href":"https:\/\/www.antikensgrekland.se\/index.php\/wp-json\/wp\/v2\/types\/page"}],"author":[{"embeddable":true,"href":"https:\/\/www.antikensgrekland.se\/index.php\/wp-json\/wp\/v2\/users\/1"}],"replies":[{"embeddable":true,"href":"https:\/\/www.antikensgrekland.se\/index.php\/wp-json\/wp\/v2\/comments?post=152"}],"version-history":[{"count":0,"href":"https:\/\/www.antikensgrekland.se\/index.php\/wp-json\/wp\/v2\/pages\/152\/revisions"}],"wp:featuredmedia":[{"embeddable":true,"href":"https:\/\/www.antikensgrekland.se\/index.php\/wp-json\/wp\/v2\/media\/153"}],"wp:attachment":[{"href":"https:\/\/www.antikensgrekland.se\/index.php\/wp-json\/wp\/v2\/media?parent=152"}],"curies":[{"name":"wp","href":"https:\/\/api.w.org\/{rel}","templated":true}]}}